491 a factor of 483767?
False
Does 18 divide 1244232?
True
Is 697500 a multiple of 75?
True
Is 9342 a multiple of 27?
True
Is 100538 a multiple of 378?
False
Does 109 divide 22890?
True
Is 12 a factor of 356438?
False
Is 288 a factor of 245664?
True
Is 221 a factor of 748085?
True
Is 544 a factor of 315855?
False
Is 44255 a multiple of 5?
True
Is 5792088 a multiple of 7?
False
Does 111 divide 738039?
True
Is 156330 a multiple of 81?
True
Is 161 a factor of 163576?
True
Does 46 divide 503037?
False
Does 14 divide 26772?
False
Is 354203 a multiple of 109?
False
Is 188 a factor of 119474?
False
Does 110 divide 230780?
True
Is 6333211 a multiple of 19?
False
Is 19 a factor of 1815495?
False
Is 273814 a multiple of 203?
False
Is 92232 a multiple of 4?
True
Does 13 divide 11368965?
False
Is 5 a factor of 328861?
False
Does 333 divide 124209?
True
Does 32 divide 683840?
True
Does 15 divide 453260?
False
Is 1205630 a multiple of 51?
False
Does 13 divide 326365?
True
Does 470 divide 579980?
True
Is 13 a factor of 109005?
True
Is 12 a factor of 21432?
True
Does 15 divide 189129?
False
Is 28 a factor of 161988?
False
Is 217 a factor of 190092?
True
Is 1065150 a multiple of 529?
False
Does 10 divide 681340?
True
Is 11 a factor of 5049021?
False
Is 94 a factor of 1102620?
True
Does 63 divide 5301765?
True
Is 195 a factor of 5991960?
True
Is 31559 a multiple of 19?
True
Does 120 divide 1962120?
True
Is 160 a factor of 762587?
False
Does 361 divide 4527730?
False
Is 75 a factor of 3588101?
False
Does 48 divide 1702804?
False
Is 6653250 a multiple of 10?
True
Is 532 a factor of 18581?
False
Does 32 divide 8937216?
True
Is 2718678 a multiple of 109?
True
Is 584 a factor of 564728?
True
Does 663 divide 5068635?
True
Does 41 divide 8991136?
True
Is 1553080 a multiple of 40?
True
Is 294 a factor of 96827?
False
Does 1424 divide 5985483?
False
Is 1758940 a multiple of 20?
True
Does 174 divide 580986?
True
Is 493376 a multiple of 52?
True
Does 11 divide 267377?
True
Is 439524 a multiple of 58?
True
Is 167 a factor of 1480423?
False
Is 15 a factor of 158183?
False
Is 1367671 a multiple of 912?
False
Is 28209 a multiple of 136?
False
Is 13 a factor of 74360?
True
Is 4 a factor of 2247852?
True
Is 4326300 a multiple of 575?
True
Is 140272 a multiple of 3?
False
Is 290870 a multiple of 170?
True
Is 457 a factor of 88679?
False
Is 28380 a multiple of 60?
True
Is 149864 a multiple of 104?
True
Does 2399 divide 12586733?
False
Is 473 a factor of 8897664?
False
Is 14239764 a multiple of 544?
False
Is 2774128 a multiple of 272?
True
Is 12 a factor of 1522076?
False
Is 252 a factor of 194544?
True
Does 37 divide 232526?
False
Is 54 a factor of 77058?
True
Is 9630313 a multiple of 1309?
True
Does 11 divide 1779269?
False
Does 100 divide 1580429?
False
Is 309862 a multiple of 14?
True
Is 4 a factor of 188973?
False
Is 415014 a multiple of 7?
False
Is 2630388 a multiple of 23?
False
Does 2 divide 160135?
False
Is 1221459 a multiple of 854?
False
Is 87 a factor of 605346?
True
Does 38 divide 3463835?
False
Is 1700659 a multiple of 51?
False
Is 80 a factor of 198400?
True
Is 237815 a multiple of 198?
False
Does 302 divide 2703?
False
Is 27 a factor of 140913?
True
Does 46 divide 490636?
True
Is 811 a factor of 488222?
True
Is 122529 a multiple of 33?
True
Does 10 divide 133735?
False
Is 650 a factor of 395850?
True
Does 15 divide 30566040?
True
Does 52 divide 104096?
False
Is 413 a factor of 2466408?
False
Is 1278968 a multiple of 611?
False
Is 59 a factor of 63281?
False
Is 1513705 a multiple of 122?
False
Does 9 divide 237120?
False
Does 75 divide 335414?
False
Is 7 a factor of 3992562?
True
Is 13 a factor of 6261229?
True
Is 380206 a multiple of 13?
False
Does 32 divide 571776?
True
Does 281 divide 5090224?
False
Does 841 divide 280882?
False
Is 2096764 a multiple of 19?
True
Is 7401517 a multiple of 1985?
False
Does 326 divide 162022?
True
Is 2777616 a multiple of 361?
False
Is 201 a factor of 37548?
False
Is 43 a factor of 92320?
False
Is 11207592 a multiple of 178?
True
Does 84 divide 5460?
True
Is 649857 a multiple of 39?
True
Is 620 a factor of 3271760?
False
Does 64 divide 63104?
True
Does 36 divide 2990664?
True
Is 2279809 a multiple of 84?
False
Is 11 a factor of 17399058?
False
Is 102 a factor of 374048?
False
Does 61 divide 10909927?
False
Does 532 divide 541312?
False
Is 42 a factor of 12814517?
False
Does 11 divide 1154626?
True
Is 255 a factor of 784464?
False
Is 9 a factor of 1694819?
False
Does 85 divide 9789195?
True
Does 53 divide 56498?
True
Is 997556 a multiple of 18?
False
Is 17486 a multiple of 21?
False
Is 751207 a multiple of 66?
False
Is 22 a factor of 54015?
False
Is 711017 a multiple of 7?
False
Is 288990 a multiple of 10?
True
Is 251070 a multiple of 6?
True
Does 22 divide 8592914?
True
Is 114034 a multiple of 6?
False
Does 7 divide 12028?
False
Is 202166 a multiple of 24?
False
Is 50 a factor of 3693150?
True
Is 2764640 a multiple of 160?
True
Is 578 a factor of 3658435?
False
Is 1150968 a multiple of 728?
True
Is 95 a factor of 3869825?
True
Is 8 a factor of 15499583?
False
Does 73 divide 14845?
False
Does 250 divide 145000?
True
Is 17 a factor of 14263?
True
Is 46858 a multiple of 134?
False
Does 322 divide 682350?
False
Is 4 a factor of 74806?
False
Does 219 divide 1011433?
False
Is 30 a factor of 197290?
False
Is 45 a factor of 2722540?
False
Is 347888 a multiple of 155?
False
Does 20 divide 156187?
False
Is 9584750 a multiple of 175?
True
Does 341 divide 114172?
False
Does 6 divide 581940?
True
Is 25670 a multiple of 302?
True
Is 11 a factor of 2095841?
True
Is 33920 a multiple of 6?
False
Does 13 divide 13244?
False
Is 11880 a multiple of 72?
True
Is 77380 a multiple of 5?
True
Does 19 divide 248996?
False
Does 32 divide 697287?
False
Is 38537 a multiple of 20?
False
Is 119770 a multiple of 70?
True
Is 393 a factor of 269243?
False
Is 9216 a multiple of 24?
True
Does 18 divide 2088648?
True
Is 504749 a multiple of 49?
True
Is 103 a factor of 154191?
True
Does 17 divide 10061977?
True
Is 65627 a multiple of 5?
False
Does 210 divide 237510?
True
Is 9 a factor of 50998?
False
Is 77957 a multiple of 11?
True
Does 102 divide 375165?
False
Does 19 divide 1403872?
True
Is 1876 a multiple of 6?
False
Is 2599500 a multiple of 75?
True
Is 64 a factor of 3128601?
False
Is 8 a factor of 128288?
True
Is 247 a factor of 82182?
False
Is 108834 a multiple of 22?
True
Is 739 a factor of 1818881?
False
Is 5361005 a multiple of 283?
False
Is 1337520 a multiple of 18?
False
Is 56 a factor of 161112?
True
Is 413378 a multiple of 44?
False
Does 18 divide 54110?
False
Is 31866 a multiple of 47?
True
Does 256 divide 3634250?
False
Does 23 divide 40068?
False
Is 15450 a multiple of 50?
True
Does 97 divide 1025775?
True
Is 5615106 a multiple of 19?
False
Does 3 divide 62628?
True
Is 89240 a multiple of 120?
False
Is 17 a factor of 147798?
True
Is 47640 a multiple of 18?
False
Is 10 a factor of 247296?
False
Is 1340485 a multiple of 482?
False
Does 11 divide 238167?
False
Is 14 a factor of 8541938?
False
Is 3190848 a multiple of 403?
False
Is 177 a factor of 2341887?
True
Does 112 divide 604240?
True
Is 90 a factor of 223560?
True
Is 46 a factor of 7373432?
True
Is 4 a factor of 68675?
False
Is 28 a factor of 110096?
True
Is 2099440 a multiple of 35?
True
Does 652 divide 1076452?
True
Is 1466730 a multiple of 430?
True
Is 57 a factor of 44583?
False
Does 217 divide 1531763?
False
Does 14 divide 172573?
False
Is 10036769 a multiple of 1133?
False
Is 1094636 a multiple of 262?
True
Does 69 divide 1173?
True
Is 96 a factor of 115411?
False
Is 152 a factor of 223059?
False
Does 25 divide 1626834?
False
Is 187008 a multiple of 32?
True
Is 5150477 a multiple of 88?
False
Is 10181004 a multiple of 17?
False
Does 14 divide 4644094?
True
Does 24 divide 65147?
False
Does 8 divide 158144?
True
Is 6 a factor of 195020?
False
Does 66 divide 168589?
False
Is 7 a factor of 4782575?
True
Is 11208923 a multiple of 906?
False
Is 2 a factor of 1448?
True
Is 265 a factor of 264470?
True
Is 16 a factor of 9296?
True
Does 391 divide 32859?
False
Does 463 divide 647773?
False
Is 285 a factor of 408405?
True
Is 389 a factor of 751159?
True
Is 127 a factor of 33274?
True
Is 30 a factor of 